*p**2 - 14*p - 7. Calculate k(2).
2069
Let a(p) = 1485*p - 68191. Give a(46).
119
Let z(q) = -25452*q + 101808. Give z(4).
0
Let q(d) = -6*d**3 + 2*d**2 - 23*d - 145. Determine q(-4).
363
Let i(k) = 2*k**3 - 113*k**2 + 578*k - 16613. What is i(54)?
19
Let y(q) = 36*q**2 + 336*q + 414. Calculate y(-13).
2130
Let s(c) = -c**2 - 775*c - 5356. What is s(-7)?
20
Let o(b) = -709*b**3 + 9921*b**2 + 79*b - 129. Give o(14).
-3
Let b(x) = 9795*x + 146775. Give b(-15).
-150
Let r(h) = -1688269*h - 13506170. Determine r(-8).
-18
Let f(x) = 3*x**2 - 13046*x - 78288. What is f(-6)?
96
Let w(k) = -28*k**3 - 38*k**2 - 23*k - 45. What is w(-2)?
73
Let w(a) = -268*a - 3318. What is w(-9)?
-906
Let i(z) = -z**3 + 146*z**2 - 1717*z - 1600. Determine i(133).
-4
Let o(t) = 10713*t + 214267. Give o(-20).
7
Let k(d) = 292*d**2 + 9307*d + 96. Give k(-32).
1280
Let y(a) = 17713*a - 10. Calculate y(0).
-10
Let g(x) = -22*x**3 + 1185*x**2 + 187*x - 1309. Determine g(54).
41
Let u(s) = -2*s**2 - 34747*s - 416687. Calculate u(-12).
-11
Let s(o) = -28*o**3 + 102*o**2 + 38*o + 3. Calculate s(4).
-5
Let d(o) = -1145*o - 35478. Give d(-31).
17
Let b(w) = w**3 + 65*w**2 + 750*w + 43896. Determine b(-64).
-8
Let k(r) = r**3 + 40*r**2 + 49*r + 1968. Calculate k(-40).
8
Let s(i) = i**3 + 6*i**2 - 186*i + 25. What is s(-17)?
8
Let w(y) = 2*y**2 - 2422*y + 9628. Calculate w(4).
-28
Let y(w) = 8*w**2 + 207*w + 273. Give y(0).
273
Let a(w) = -122*w - 23751. Give a(-178).
-2035
Let p(x) = 3*x**2 - 168*x - 1569. What is p(64)?
-33
Let p(q) = -22987*q + 367722. Determine p(16).
-70
Let j(u) = -116*u + 11505. Give j(100).
-95
Let a(q) = -q**3 - 12*q**2 - 698*q - 9212. What is a(-13)?
31
Let t(m) = 80*m**3 + 4721*m**2 + 57*m - 112. What is t(-59)?
6
Let j(d) = -68*d - 9455. Calculate j(-139).
-3
Let b(a) = a**3 - 143*a**2 - 514*a + 1122. Determine b(-5).
-8
Let a(q) = -192*q + 20046. Determine a(103).
270
Let a(b) = -13696*b - 11033. Calculate a(-1).
2663
Let w(p) = p**3 + 233*p**2 - 468*p + 201. What is w(-235)?
-269
Let l(j) = 16*j**3 - 241*j**2 - 624*j + 1639. Determine l(17).
-10
Let w(s) = -71*s**2 - 2527*s - 5030. Determine w(-2).
-260
Let o(z) = 4*z**3 - 39*z**2 - 166*z - 17. Determine o(-3).
22
Let o(h) = h**3 - 23*h**2 - 3616*h + 73653. Give o(20).
133
Let u(y) = -14*y**2 - 233*y - 1005. Determine u(-7).
-60
Let i(t) = -t**3 - 70*t**2 - 25*t + 3947. Determine i(7).
-1
Let d(t) = t**2 - 21911*t - 416801. Calculate d(-19).
-131
Let k(r) = 42822*r - 1070488. What is k(25)?
62
Let t(j) = 174*j + 4666. Determine t(-37).
-1772
Let z(q) = -13067*q - 38962. What is z(-3)?
239
Let v(n) = 5670*n - 907194. Give v(160).
6
Let g(x) = -x**2 - 61*x + 2493. Give g(-89).
1
Let m(r) = -388*r - 2276. Calculate m(-6).
52
Let h(f) = 447865*f - 447828. What is h(1)?
37
Let f(z) = -23*z**2 + 34*z + 929. What is f(-6)?
-103
Let v(m) = -13*m**2 + 222*m + 5613. Determine v(31).
2
Let q(k) = 51*k - 8169. What is q(160)?
-9
Let h(r) = -18*r**2 - 471*r + 1411. Determine h(3).
-164
Let i(n) = n**2 - 1826*n + 498314. Calculate i(334).
-14
Let d(t) = 923*t - 6272. Give d(7).
189
Let s(p) = 2*p**3 + 46*p**2 + 148*p + 1323. Determine s(-21).
-21
Let g(y) = y**2 - 8*y - 233. Determine g(-10).
-53
Let w(d) = -19*d**3 - 4634*d**2 + 487*d - 228. Calculate w(-244).
16
Let i(g) = g**3 - 3*g**2 - 305*g + 88. Determine i(20).
788
Let r(h) = -272*h**2 + 2565*h + 42. Give r(10).
-1508
Let y(w) = 107*w**2 - 4816*w + 61. What is y(45)?
16
Let g(j) = -99*j**2 - 143*j + 725. Give g(0).
725
Let p(u) = -u**3 + 31*u**2 + 72*u - 1043. Calculate p(32).
237
Let h(c) = 377529*c - 10948338. Give h(29).
3
Let w(b) = -3*b**2 - 259*b - 6997. Calculate w(-57).
-1981
Let z(x) = x**3 + 38*x**2 + 14197*x + 571075. Give z(-40).
-5
Let o(u) = -2*u**3 - 9*u**2 - 7535*u - 45347. Calculate o(-6).
-29
Let q(c) = -4252*c - 12766. Give q(-3).
-10
Let m(a) = -a**3 - 14*a**2 + 95*a + 35. Calculate m(5).
35
Let z(g) = -12*g**3 - 11*g**2 - 118*g + 288. What is z(2)?
-88
Let f(l) = -3919*l**2 - 4916*l + 4915. Calculate f(1).
-3920
Let w(q) = -8852*q + 4381734. Calculate w(495).
-6
Let y(r) = -400*r + 139629. Calculate y(349).
29
Let m(z) = 4*z**3 - z**2 + 22*z - 20. What is m(1)?
5
Let w(r) = -r**3 + 129*r**2 - 3774*r - 485. What is w(84)?
19
Let x(d) = -d**2 + 32*d + 5228. Determine x(-58).
8
Let s(y) = -6*y**3 - 32*y**2 - 311*y - 1600. What is s(-5)?
-95
Let f(g) = -4*g**3 + 3032*g**2 - 6056*g + 6047. What is f(756)?
-1
Let t(o) = 2*o**3 + 396*o**2 - 28452*o + 30. Calculate t(56).
-194
Let v(x) = -x**3 + 530*x**2 + 2085*x + 27240. Give v(534).
6
Let t(w) = 6627*w + 450528. Calculate t(-68).
-108
Let g(v) = 53*v**2 - 5242*v - 46. Give g(99).
449
Let o(t) = t**2 + 6798*t - 6095211. Give o(802).
-11
Let i(m) = -363*m + 1445. Determine i(4).
-7
Let z(x) = -10294*x + 11899859. Give z(1156).
-5
Let s(m) = 276*m - 8722. What is s(32)?
110
Let l(j) = j**3 - 31*j**2 + 1377*j - 9550. What is l(8)?
-6
Let i(w) = -w**3 + 24*w**2 + 44*w + 153. What is i(26)?
-55
Let w(g) = g**3 + 310*g**2 - 1581*g - 1845. Calculate w(-315).
45
Let z(v) = 4*v**2 + 1213*v + 32812. Give z(-30).
22
Let u(n) = 305*n + 44919. Give u(-146).
389
Let i(h) = -432822*h - 2164073. Calculate i(-5).
37
Let b(r) = 2*r**2 + 765657*r + 3828224. Calculate b(-5).
-11
Let h(k) = 2*k**2 - 9533*k + 28584. What is h(3)?
3
Let g(t) = -t**3 - 31*t**2 + 264*t + 6131. Calculate g(-33).
-403
Let b(g) = 6*g**3 + 217*g**2 + 458*g + 44. Determine b(-2).
-52
Let i(f) = 3*f**2 - 4809*f - 19276. What is i(-4)?
8
Let y(r) = -15*r**2 - 714*r + 475. What is y(-48)?
187
Let n(q) = q**2 + 37*q - 1373. What is n(-60)?
7
Let f(w) = w**3 - 346*w**2 + 853*w - 56671. Determine f(344).
89
Let r(i) = 96*i - 22393. Determine r(234).
71
Let q(l) = 9235*l + 92356. What is q(-10)?
6
Let l(m) = -m**3 + 35*m**2 + 2403*m - 188. Calculate l(-34).
-2126
Let q(z) = 17*z**3 - 4*z**2 + 6*z + 9. Give q(-3).
-504
Let k(f) = 3*f**3 - 2990*f**2 - 13099*f + 86086. What is k(1001)?
0
Let n(x) = x**2 + 18*x - 105. Determine n(9).
138
Let n(p) = 150*p**2 - 109*p + 330. Calculate n(3).
1353
Let u(z) = -511257*z + 2045108. Give u(4).
80
Let g(d) = -267*d + 128192. Calculate g(478).
566
Let u(x) = 2*x**3 - 1036*x**2 - 1378*x + 176440. Calculate u(519).
-20
Let b(q) = 33914*q + 1220900. What is b(-36)?
-4
Let v(b) = -184326*b - 14. Calculate v(0).
-14
Let d(f) = 9*f**2 - 94*f + 268. Give d(9).
151
Let q(w) = 93*w**2 - 2372*w - 2370. Give q(-1).
95
Let g(i) = -122*i - 5647. What is g(-43)?
-401
Let y(f) = -4*f**3 - 331*f**2 - 68*f - 12517. Determine y(-83).
16
Let q(c) = 8*c**3 - 46*c**2 - 48*c - 4. Calculate q(-1).
-10
Let h(s) = -3*s**3 - 2*s**2 + 1713*s + 5071. Give h(-3).
-5
Let n(j) = 2254*j**2 - 144244*j - 765. Determine n(64).
3
Let y(z) = -173698*z - 521078. Give y(-3).
16
Let u(h) = -h**3 + 91*h**2 + 8*h - 538. Calculate u(91).
190
Let t(i) = -9*i**3 + 82*i**2 + 318*i + 1. What is t(-4)?
617
Let o(j) = -j**3 - 118*j**2 + 295*j + 6860. Calculate o(-120).
260
Let h(s) = -3*s**2 + 12*s + 96. Give h(8).
0
Let r(s) = -664*s**2 + 7*s - 12. Determine r(-1).
-683
Let y(b) = -2*b**3 + 41*b**2 + 441*b + 33. What is y(28)?
621
Let l(k) = -4719*k + 660664. Determine l(140).
4
Let w(c) = -6*c**2 - 273*c + 1611. Determine w(6).
-243
Let j(k) = 55*k**3 - 34*k**2 + 48*k - 50. What is j(1)?
19
Let j(r) = -3919*r + 195970. What is j(50)?
20
Let x(f) = -623*f**2 + 9423*f - 1180. What is x(15)?
-10
Let x(l) = -3343*l**2 + 16720*l + 16. Give x(5).
41
Let g(h) = -3569577*h - 7139149. Give g(-2).
5
Let l(c) = -51*c + 216. Determine l(-2).
318
Let k(o) = o**3 + 28*o**2 + 260*o + 121. Determine k(-11).
-682
Let y(m) = -6*m**2 + 4025*m - 8027. Calculate y(2).
-1
Let z(f) = 5*f**3 - 69*f**2 + 39*f - 35. Determine z(-6).
-3833
Let g(t) = -196*t - 53676. Calculate g(-274).
28
Let m(f) = -3*f**3 + 45*f**2 - 8*f - 754. Calculate m(17).
-2624
Let i(p) = -10*p**2 - 9904*p - 301118. What is i(-959)?
8
Let n(d) = -d**2 + 1276*d - 84435. What is n(70)?
-15
Let z(b) = 23*b**2 + 548*b + 14. Calculate z(-24).
110
Let q(b) = 14*b**2 - 1077*b - 286. Give q(78).
884
Let c(h) = 2304*h + 758020. What is c(-329)?
4
Let p(z) = 129715*z - 1426869. What is p(11)?
-4
Let a(g) = -2*g**3 - 236*g**2 - 2553*g + 9. Determine a(-12).
117
Let u(y) = 639*y - 53140. Calculate u(83).
-103
Let u(m